{"id":180,"date":"2025-09-16T21:55:41","date_gmt":"2025-09-16T21:55:41","guid":{"rendered":"https:\/\/ltlsas.com\/?page_id=180"},"modified":"2025-10-14T19:53:08","modified_gmt":"2025-10-14T19:53:08","slug":"contactenos","status":"publish","type":"page","link":"https:\/\/ltlsas.com\/?page_id=180","title":{"rendered":"CONTACTENOS"},"content":{"rendered":"\n<div class=\"wp-block-group alignfull has-light-background-color has-background has-global-padding is-layout-constrained wp-container-core-group-is-layout-ed87fede wp-block-group-is-layout-constrained\" style=\"margin-top:0;margin-bottom:0;padding-top:var(--wp--preset--spacing--xx-large);padding-right:var(--wp--preset--spacing--x-small);padding-bottom:var(--wp--preset--spacing--xx-large);padding-left:var(--wp--preset--spacing--x-small)\">\n<div class=\"wp-block-columns is-layout-flex wp-container-core-columns-is-layout-28f84493 wp-block-columns-is-layout-flex\">\n<div class=\"wp-block-column is-layout-flow wp-block-column-is-layout-flow\" style=\"flex-basis:53%\">\n<div class=\"wp-block-group has-global-padding is-layout-constrained wp-container-core-group-is-layout-4b99461e wp-block-group-is-layout-constrained\">\n<div class=\"wp-block-group is-nowrap is-layout-flex wp-container-core-group-is-layout-6c531013 wp-block-group-is-layout-flex\">\n<h6 class=\"wp-block-heading has-highlight-color has-text-color has-link-color has-x-small-font-size wp-elements-a6bafe6b5ef0727e83022e16bf8495b9\">CONTACTENOS<\/h6>\n\n\n\n<hr class=\"wp-block-separator has-text-color has-highlight-color has-alpha-channel-opacity has-highlight-background-color has-background is-style-wide wp-container-content-e1bb55cb\"\/>\n<\/div>\n\n\n\n<h2 class=\"wp-block-heading\" style=\"line-height:1.1\">Acerca de nosotros<\/h2>\n<\/div>\n<\/div>\n\n\n\n<div class=\"wp-block-column is-layout-flow wp-block-column-is-layout-flow\" style=\"flex-basis:30%\"><\/div>\n\n\n\n<div class=\"wp-block-column is-vertically-aligned-bottom is-layout-flow wp-block-column-is-layout-flow\" style=\"flex-basis:17%\">\n<div class=\"wp-block-buttons is-content-justification-left is-layout-flex wp-container-core-buttons-is-layout-fc4fd283 wp-block-buttons-is-layout-flex\"><\/div>\n<\/div>\n<\/div>\n\n\n\n<div class=\"wp-block-columns is-layout-flex wp-container-core-columns-is-layout-010e51cd wp-block-columns-is-layout-flex\">\n<div class=\"wp-block-column is-layout-flow wp-block-column-is-layout-flow\">\n<div class=\"wp-block-group has-background-background-color has-background has-global-padding is-layout-constrained wp-container-core-group-is-layout-f46524df wp-block-group-is-layout-constrained\" style=\"border-radius:15px;border-top-color:var(--wp--preset--color--highlight);border-top-width:3px;border-right-color:var(--wp--preset--color--highlight);border-right-width:3px;border-bottom-style:none;border-bottom-width:0px;padding-top:var(--wp--preset--spacing--large);padding-right:var(--wp--preset--spacing--large);padding-bottom:0;padding-left:0\">\n<p class=\"has-highlight-color has-text-color has-link-color has-x-small-font-size wp-elements-aa5a03b0003a235e6885ff6b8ad03043\" style=\"padding-top:0;padding-left:var(--wp--preset--spacing--large)\">Hablemos de su Pr\u00f3ximo Env\u00edo<\/p>\n\n\n\n<p style=\"padding-top:var(--wp--preset--spacing--x-small);padding-bottom:var(--wp--preset--spacing--small);padding-left:var(--wp--preset--spacing--large)\"><strong><em>Nuestro equipo de expertos est\u00e1 listo para brindarle la soluci\u00f3n log\u00edstica que necesita. Complete el formulario o cont\u00e1ctenos directamente a trav\u00e9s de nuestros canales.<\/em><\/strong><\/p>\n\n\n\n<div class=\"wp-block-group is-content-justification-center is-nowrap is-layout-flex wp-container-core-group-is-layout-23441af8 wp-block-group-is-layout-flex\">\n<div class=\"wp-block-group has-light-background-color has-background wp-container-content-29dca9c1 has-global-padding is-layout-constrained wp-container-core-group-is-layout-1c51a162 wp-block-group-is-layout-constrained\" style=\"border-top-left-radius:0px;border-top-right-radius:15px;border-bottom-left-radius:0px;border-bottom-right-radius:0px;padding-left:var(--wp--preset--spacing--large)\">\n<div class=\"wp-block-media-text\" style=\"margin-right:0;margin-left:0;padding-right:0;padding-left:0;grid-template-columns:26% auto\"><figure class=\"wp-block-media-text__media\"><img loading=\"lazy\" decoding=\"async\" width=\"502\" height=\"277\" src=\"https:\/\/ltlsas.com\/wp-content\/uploads\/2025\/09\/LOGO1-removebg-preview.png\" alt=\"\" class=\"wp-image-62 size-full\" srcset=\"https:\/\/ltlsas.com\/wp-content\/uploads\/2025\/09\/LOGO1-removebg-preview.png 502w, https:\/\/ltlsas.com\/wp-content\/uploads\/2025\/09\/LOGO1-removebg-preview-300x166.png 300w\" sizes=\"auto, (max-width: 502px) 100vw, 502px\" \/><\/figure><div class=\"wp-block-media-text__content\">\n<div class=\"wp-block-group has-global-padding is-layout-constrained wp-container-core-group-is-layout-19e250f3 wp-block-group-is-layout-constrained\">\n<h5 class=\"wp-block-heading\">Nuestras Oficinas<\/h5>\n<\/div>\n<\/div><\/div>\n<\/div>\n<\/div>\n\n\n\n<div class=\"wp-block-columns is-layout-flex wp-container-core-columns-is-layout-28f84493 wp-block-columns-is-layout-flex\">\n<div class=\"wp-block-column is-layout-flow wp-block-column-is-layout-flow\">\n<h4 class=\"wp-block-heading has-text-align-center\"><strong>Casanare<\/strong><\/h4>\n\n\n\n<p class=\"has-text-align-center\"><strong>Yopal<\/strong><br>Calle 26 # 10-86<br>Barrio la Campi\u00f1a<\/p>\n<\/div>\n\n\n\n<div class=\"wp-block-column is-layout-flow wp-block-column-is-layout-flow\">\n<h4 class=\"wp-block-heading has-text-align-center\"><strong>Boyac\u00e1<\/strong><\/h4>\n\n\n\n<p class=\"has-text-align-center\"><strong>Duitama<\/strong><br>Carrerera 42 # 8-62 <br>Of. 201 (2do piso)<br><\/p>\n<\/div>\n<\/div>\n\n\n\n<div style=\"height:47px\" aria-hidden=\"true\" class=\"wp-block-spacer\"><\/div>\n\n\n\n<div class=\"wp-block-columns is-layout-flex wp-container-core-columns-is-layout-28f84493 wp-block-columns-is-layout-flex\">\n<div class=\"wp-block-column is-layout-flow wp-block-column-is-layout-flow\">\n<h4 class=\"wp-block-heading has-text-align-center\"><strong>Log\u00edstica y Seguridad<\/strong><\/h4>\n\n\n\n<p class=\"has-text-align-center\"><strong>Celular:<\/strong> 3102187669 &#8211; 3112381913<br><strong>Correo:<\/strong> logistica@ltlsas.com<\/p>\n<\/div>\n\n\n\n<div class=\"wp-block-column is-layout-flow wp-block-column-is-layout-flow\">\n<h4 class=\"wp-block-heading has-text-align-center\"><strong>HSEQ<\/strong><\/h4>\n\n\n\n<p class=\"has-text-align-center\"><strong>Celular:<\/strong> 3105725304<br><strong>Correo:<\/strong> calidadltlsas@gmail.com<\/p>\n<\/div>\n\n\n\n<div class=\"wp-block-column is-layout-flow wp-block-column-is-layout-flow\">\n<h4 class=\"wp-block-heading has-text-align-center\"><strong>Administrativo<\/strong><\/h4>\n\n\n\n<p class=\"has-text-align-center\"><strong>Celular:<\/strong> 3116350727<br><strong>Correo:<\/strong> administracion@ltlsas.com<\/p>\n<\/div>\n\n\n\n<div class=\"wp-block-column is-layout-flow wp-block-column-is-layout-flow\">\n<h4 class=\"wp-block-heading has-text-align-center\"><strong>Comercia<\/strong>l<\/h4>\n\n\n\n<p class=\"has-text-align-center\"><strong>Celular:<\/strong> 3102180085<br><strong>Correo:<\/strong> marilse.cuyamon@ltlsas.com<\/p>\n<\/div>\n<\/div>\n\n\n\n<h4 class=\"wp-block-heading has-text-align-center\"><strong>L\u00ednea \u00c9tica<\/strong><\/h4>\n\n\n\n<div class=\"wp-block-group has-global-padding is-layout-constrained wp-block-group-is-layout-constrained\">\n<p class=\"has-text-align-center\">lineaeticaltlexpressas@gmail.com<\/p>\n<\/div>\n\n\n\n<div style=\"height:68px\" aria-hidden=\"true\" class=\"wp-block-spacer\"><\/div>\n\n\n\n<h2 class=\"wp-block-heading has-text-align-center\">Canal de Atenci\u00f3n y Servicio &#8211; PQRSF<\/h2>\n\n\n\n<div style=\"height:26px\" aria-hidden=\"true\" class=\"wp-block-spacer\"><\/div>\n\n\n\n<div class=\"wp-block-columns is-layout-flex wp-container-core-columns-is-layout-28f84493 wp-block-columns-is-layout-flex\">\n<div class=\"wp-block-column is-vertically-aligned-stretch is-style-bk-box-shadow-medium is-layout-flow wp-block-column-is-layout-flow\">\n<div style=\"height:55px\" aria-hidden=\"true\" class=\"wp-block-spacer\"><\/div>\n\n\n    <div class=\"wp-block-bplugins-custom-html\" id='bPluginsCustomHtml-1'>\r\n    <iframe src=\"https:\/\/www.google.com\/maps\/embed?pb=!1m17!1m12!1m3!1d3969.346483396267!2d-73.03086092501303!3d5.806645994176247!2m3!1f0!2f0!3f0!3m2!1i1024!2i768!4f13.1!3m2!1m1!2zNcKwNDgnMjMuOSJOIDczwrAwMSc0MS44Ilc!5e0!3m2!1ses!2sco!4v1759263087834!5m2!1ses!2sco\" width=\"450\" height=\"500\" style=\"border:2;\" allowfullscreen=\"\" loading=\"lazy\" referrerpolicy=\"no-referrer-when-downgrade\"><\/iframe>\n    <\/div>\r\n    <\/div>\n\n\n\n<div class=\"wp-block-column is-layout-flow wp-block-column-is-layout-flow\"><style id=\"wpforms-css-vars-267-block-bcae2309-9ee4-45a6-9804-fecaf79b4958\">\n\t\t\t\t#wpforms-267.wpforms-block-bcae2309-9ee4-45a6-9804-fecaf79b4958 {\n\t\t\t\t--wpforms-field-size-input-height: 43px;\n--wpforms-field-size-input-spacing: 15px;\n--wpforms-field-size-font-size: 16px;\n--wpforms-field-size-line-height: 19px;\n--wpforms-field-size-padding-h: 14px;\n--wpforms-field-size-checkbox-size: 16px;\n--wpforms-field-size-sublabel-spacing: 5px;\n--wpforms-field-size-icon-size: 1;\n--wpforms-label-size-font-size: 16px;\n--wpforms-label-size-line-height: 19px;\n--wpforms-label-size-sublabel-font-size: 14px;\n--wpforms-label-size-sublabel-line-height: 17px;\n--wpforms-button-size-font-size: 17px;\n--wpforms-button-size-height: 41px;\n--wpforms-button-size-padding-h: 15px;\n--wpforms-button-size-margin-top: 10px;\n\n\t\t\t}\n\t\t\t<\/style><div class=\"wpforms-container wpforms-container-full wpforms-block wpforms-block-bcae2309-9ee4-45a6-9804-fecaf79b4958 wpforms-render-modern\" id=\"wpforms-267\"><form id=\"wpforms-form-267\" class=\"wpforms-validate wpforms-form wpforms-ajax-form\" data-formid=\"267\" method=\"post\" enctype=\"multipart\/form-data\" action=\"\/index.php?rest_route=%2Fwp%2Fv2%2Fpages%2F180\" data-token=\"2230e95c2a20cc7c5360f984a6aec78e\" data-token-time=\"1776765167\"><noscript class=\"wpforms-error-noscript\">Please enable JavaScript in your browser to complete this form.<\/noscript><div id=\"wpforms-error-noscript\" style=\"display: none;\">Please enable JavaScript in your browser to complete this form.<\/div><div class=\"wpforms-field-container\"><div id=\"wpforms-267-field_4-container\" class=\"wpforms-field wpforms-field-name\" data-field-id=\"4\"><fieldset><legend class=\"wpforms-field-label\">Nombre <span class=\"wpforms-required-label\" aria-hidden=\"true\">*<\/span><\/legend><div class=\"wpforms-field-row wpforms-field-large\"><div class=\"wpforms-field-row-block wpforms-first wpforms-one-half\"><input type=\"text\" id=\"wpforms-267-field_4\" class=\"wpforms-field-name-first wpforms-field-required\" name=\"wpforms[fields][4][first]\" placeholder=\"Nombres\" aria-errormessage=\"wpforms-267-field_4-error\" required><label for=\"wpforms-267-field_4\" class=\"wpforms-field-sublabel after wpforms-sublabel-hide\">First<\/label><\/div><div class=\"wpforms-field-row-block wpforms-one-half\"><input type=\"text\" id=\"wpforms-267-field_4-last\" class=\"wpforms-field-name-last wpforms-field-required\" name=\"wpforms[fields][4][last]\" placeholder=\"Apellidos\" aria-errormessage=\"wpforms-267-field_4-last-error\" required><label for=\"wpforms-267-field_4-last\" class=\"wpforms-field-sublabel after wpforms-sublabel-hide\">Last<\/label><\/div><\/div><\/fieldset><\/div><div id=\"wpforms-267-field_1-container\" class=\"wpforms-field wpforms-field-email\" data-field-id=\"1\"><label class=\"wpforms-field-label\" for=\"wpforms-267-field_1\">Correo Electr\u00f3nico <span class=\"wpforms-required-label\" aria-hidden=\"true\">*<\/span><\/label><input type=\"email\" id=\"wpforms-267-field_1\" class=\"wpforms-field-large wpforms-field-required\" name=\"wpforms[fields][1]\" placeholder=\"formato@dominio.com\" spellcheck=\"false\" aria-errormessage=\"wpforms-267-field_1-error\" required><\/div><div id=\"wpforms-267-field_6-container\" class=\"wpforms-field wpforms-field-number\" data-field-id=\"6\"><label class=\"wpforms-field-label\" for=\"wpforms-267-field_6\">Telefono<\/label><input type=\"number\" id=\"wpforms-267-field_6\" class=\"wpforms-field-large\" name=\"wpforms[fields][6]\" placeholder=\"Celular\" min=\"5\" max=\"50000000000\" step=\"any\" aria-errormessage=\"wpforms-267-field_6-error\" ><\/div><div id=\"wpforms-267-field_2-container\" class=\"wpforms-field wpforms-field-textarea\" data-field-id=\"2\"><label class=\"wpforms-field-label\" for=\"wpforms-267-field_2\">Mensaje <span class=\"wpforms-required-label\" aria-hidden=\"true\">*<\/span><\/label><textarea id=\"wpforms-267-field_2\" class=\"wpforms-field-medium wpforms-field-required\" name=\"wpforms[fields][2]\" aria-errormessage=\"wpforms-267-field_2-error\" required><\/textarea><\/div><\/div><!-- .wpforms-field-container --><div class=\"wpforms-submit-container\" ><input type=\"hidden\" name=\"wpforms[id]\" value=\"267\"><input type=\"hidden\" name=\"page_title\" value=\"\"><input type=\"hidden\" name=\"page_url\" value=\"https:\/\/ltlsas.com\/index.php?rest_route=\/wp\/v2\/pages\/180\"><input type=\"hidden\" name=\"url_referer\" value=\"\"><button type=\"submit\" name=\"wpforms[submit]\" id=\"wpforms-submit-267\" class=\"wpforms-submit\" data-alt-text=\"Enviando...\" data-submit-text=\"Contactar\" aria-live=\"assertive\" value=\"wpforms-submit\">Contactar<\/button><img loading=\"lazy\" decoding=\"async\" src=\"https:\/\/ltlsas.com\/wp-content\/plugins\/wpforms-lite\/assets\/images\/submit-spin.svg\" class=\"wpforms-submit-spinner\" style=\"display: none;\" width=\"26\" height=\"26\" alt=\"Loading\"><\/div><\/form><\/div>  <!-- .wpforms-container --><\/div>\n<\/div>\n<\/div>\n<\/div>\n<\/div>\n\n\n\n<div class=\"wp-block-group has-global-padding is-layout-constrained wp-block-group-is-layout-constrained\"><\/div>\n<\/div>\n","protected":false},"excerpt":{"rendered":"<p>CONTACTENOS Acerca de nosotros Hablemos de su Pr\u00f3ximo Env\u00edo Nuestro equipo de expertos est\u00e1 listo para brindarle la soluci\u00f3n log\u00edstica que necesita. Complete el formulario o cont\u00e1ctenos directamente a trav\u00e9s de nuestros canales. Nuestras Oficinas Casanare YopalCalle 26 # 10-86Barrio la Campi\u00f1a Boyac\u00e1 DuitamaCarrerera 42 # 8-62 Of. 201 (2do piso) Log\u00edstica y Seguridad Celular: [&hellip;]<\/p>\n","protected":false},"author":1,"featured_media":0,"parent":0,"menu_order":0,"comment_status":"closed","ping_status":"closed","template":"","meta":{"_joinchat":[],"footnotes":""},"class_list":["post-180","page","type-page","status-publish","hentry"],"_links":{"self":[{"href":"https:\/\/ltlsas.com\/index.php?rest_route=\/wp\/v2\/pages\/180","targetHints":{"allow":["GET"]}}],"collection":[{"href":"https:\/\/ltlsas.com\/index.php?rest_route=\/wp\/v2\/pages"}],"about":[{"href":"https:\/\/ltlsas.com\/index.php?rest_route=\/wp\/v2\/types\/page"}],"author":[{"embeddable":true,"href":"https:\/\/ltlsas.com\/index.php?rest_route=\/wp\/v2\/users\/1"}],"replies":[{"embeddable":true,"href":"https:\/\/ltlsas.com\/index.php?rest_route=%2Fwp%2Fv2%2Fcomments&post=180"}],"version-history":[{"count":5,"href":"https:\/\/ltlsas.com\/index.php?rest_route=\/wp\/v2\/pages\/180\/revisions"}],"predecessor-version":[{"id":408,"href":"https:\/\/ltlsas.com\/index.php?rest_route=\/wp\/v2\/pages\/180\/revisions\/408"}],"wp:attachment":[{"href":"https:\/\/ltlsas.com\/index.php?rest_route=%2Fwp%2Fv2%2Fmedia&parent=180"}],"curies":[{"name":"wp","href":"https:\/\/api.w.org\/{rel}","templated":true}]}}