{"id":194,"date":"2025-09-17T13:09:51","date_gmt":"2025-09-17T13:09:51","guid":{"rendered":"https:\/\/ltlsas.com\/?page_id=194"},"modified":"2025-09-30T20:11:14","modified_gmt":"2025-09-30T20:11:14","slug":"politicas","status":"publish","type":"page","link":"https:\/\/ltlsas.com\/?page_id=194","title":{"rendered":"QUI\u00c9NES SOMOS"},"content":{"rendered":"\n<div class=\"wp-block-group alignfull has-global-padding is-layout-constrained wp-block-group-is-layout-constrained\" style=\"margin-top:var(--wp--preset--spacing--xx-large);margin-bottom:var(--wp--preset--spacing--xx-large)\">\n<div class=\"wp-block-columns is-layout-flex wp-container-core-columns-is-layout-010e51cd wp-block-columns-is-layout-flex\">\n<div class=\"wp-block-column is-layout-flow wp-container-core-column-is-layout-8a368f38 wp-block-column-is-layout-flow\" style=\"flex-basis:53%\">\n<div class=\"wp-block-columns is-layout-flex wp-container-core-columns-is-layout-f619a8c7 wp-block-columns-is-layout-flex\">\n<div class=\"wp-block-column is-layout-flow wp-block-column-is-layout-flow\" style=\"flex-basis:73%\">\n<div class=\"wp-block-group has-global-padding is-layout-constrained wp-block-group-is-layout-constrained has-background\" style=\"padding-top:0;padding-bottom:0;background-image:url(&#039;https:\/\/ltlsas.com\/wp-content\/themes\/blockskit-construction\/assets\/images\/about-img2.png&#039;);background-position:50% 50%;background-repeat:no-repeat;background-size:contain;\">\n<figure class=\"wp-block-image size-full\" style=\"margin-top:0;margin-right:0;margin-bottom:0;margin-left:0\"><img loading=\"lazy\" decoding=\"async\" width=\"1024\" height=\"1024\" src=\"https:\/\/ltlsas.com\/wp-content\/uploads\/2025\/09\/Gemini_Generated_Image_4uo3j04uo3j04uo3.png\" alt=\"\" class=\"wp-image-243\" srcset=\"https:\/\/ltlsas.com\/wp-content\/uploads\/2025\/09\/Gemini_Generated_Image_4uo3j04uo3j04uo3.png 1024w, https:\/\/ltlsas.com\/wp-content\/uploads\/2025\/09\/Gemini_Generated_Image_4uo3j04uo3j04uo3-300x300.png 300w, https:\/\/ltlsas.com\/wp-content\/uploads\/2025\/09\/Gemini_Generated_Image_4uo3j04uo3j04uo3-150x150.png 150w, https:\/\/ltlsas.com\/wp-content\/uploads\/2025\/09\/Gemini_Generated_Image_4uo3j04uo3j04uo3-768x768.png 768w\" sizes=\"auto, (max-width: 1024px) 100vw, 1024px\" \/><\/figure>\n<\/div>\n<\/div>\n\n\n\n<div class=\"wp-block-column is-vertically-aligned-center is-layout-flow wp-block-column-is-layout-flow\" style=\"flex-basis:27%\">\n<div class=\"wp-block-group is-content-justification-center is-nowrap is-layout-flex wp-container-core-group-is-layout-23441af8 wp-block-group-is-layout-flex\">\n<div class=\"wp-block-group has-highlight-background-color has-background has-global-padding is-layout-constrained wp-container-core-group-is-layout-9a4c8acf wp-block-group-is-layout-constrained\" style=\"border-radius:10px;padding-top:var(--wp--preset--spacing--small);padding-right:var(--wp--preset--spacing--small);padding-bottom:var(--wp--preset--spacing--small);padding-left:var(--wp--preset--spacing--small)\">\n<figure class=\"wp-block-image aligncenter size-full\"><img decoding=\"async\" src=\"https:\/\/ltlsas.com\/wp-content\/themes\/blockskit-construction\/assets\/images\/about-img3.png\" alt=\"\" class=\"wp-image-165\"\/><\/figure>\n\n\n\n<h6 class=\"wp-block-heading has-text-align-center has-pure-white-color has-text-color has-link-color wp-elements-9e970156e765630a12443330ac3a110c\" style=\"line-height:1.1\">Cobertura Nacional <\/h6>\n<\/div>\n<\/div>\n<\/div>\n<\/div>\n\n\n\n<div class=\"wp-block-group is-style-bk-box-shadow-medium has-background-background-color has-background is-nowrap is-layout-flex wp-container-core-group-is-layout-c569da24 wp-block-group-is-layout-flex\" style=\"border-radius:15px;border-right-color:var(--wp--preset--color--highlight);border-right-width:3px;border-bottom-color:var(--wp--preset--color--highlight);border-bottom-width:3px;padding-top:var(--wp--preset--spacing--medium);padding-right:var(--wp--preset--spacing--medium);padding-bottom:var(--wp--preset--spacing--medium);padding-left:var(--wp--preset--spacing--medium)\">\n<h5 class=\"wp-block-heading has-text-align-center wp-container-content-9cfa9a5a\">Nos dedicamos a brindar soluciones log\u00edsticas integrales que le permitan enfocarse en su negocio. Nuestra misi\u00f3n es cumplir con los m\u00e1s altos est\u00e1ndares de calidad y seguridad en los tiempos de entrega pactados, generando beneficios para nuestros clientes, colaboradores y asociados.<\/h5>\n<\/div>\n\n\n\n<div style=\"height:100px\" aria-hidden=\"true\" class=\"wp-block-spacer\"><\/div>\n\n\n\n<div class=\"wp-block-group is-style-bk-box-shadow-medium has-background-background-color has-background is-nowrap is-layout-flex wp-container-core-group-is-layout-c569da24 wp-block-group-is-layout-flex\" style=\"border-radius:15px;border-right-color:var(--wp--preset--color--highlight);border-right-width:3px;border-bottom-color:var(--wp--preset--color--highlight);border-bottom-width:3px;padding-top:var(--wp--preset--spacing--medium);padding-right:var(--wp--preset--spacing--medium);padding-bottom:var(--wp--preset--spacing--medium);padding-left:var(--wp--preset--spacing--medium)\">\n<h5 class=\"wp-block-heading wp-container-content-9cfa9a5a\"><strong>Pol\u00edticas Internas:<\/strong> Recopilamos varias pol\u00edticas que demuestran el profesionalismo de la empresa, como la pol\u00edtica de Seguridad Vial, Integral, Prevenci\u00f3n de consumo de alcohol y drogas, SARLAFT y Protecci\u00f3n de Datos.<\/h5>\n<\/div>\n<\/div>\n\n\n\n<div class=\"wp-block-column is-vertically-aligned-center is-layout-flow wp-block-column-is-layout-flow\" style=\"flex-basis:47%\">\n<div class=\"wp-block-group has-global-padding is-layout-constrained wp-container-core-group-is-layout-f5f3bcb8 wp-block-group-is-layout-constrained\">\n<div class=\"wp-block-group is-nowrap is-layout-flex wp-container-core-group-is-layout-6c531013 wp-block-group-is-layout-flex\">\n<h6 class=\"wp-block-heading has-highlight-color has-text-color has-link-color has-x-small-font-size wp-elements-dec5c9b0ed9fbb99ede1b29894dac2d4\">Por Qu\u00e9 Elegirnos<\/h6>\n\n\n\n<hr class=\"wp-block-separator has-text-color has-highlight-color has-alpha-channel-opacity has-highlight-background-color has-background is-style-wide wp-container-content-e1bb55cb\"\/>\n<\/div>\n\n\n\n<h2 class=\"wp-block-heading\" style=\"line-height:1.1\">LOGISTICA Y TRANSPORTE DEL LLANO EXPRESS S.A.S.<\/h2>\n\n\n\n<p><strong>Misi\u00f3n:<\/strong> La empresa LTL EXPRESS S.A.S. ,En su actividad econ\u00f3mica Transporte de carga por carretera.<\/p>\n\n\n\n<p>Tiene como <strong>misi\u00f3n<\/strong> brindar un servicio de transporte de carga pesada a nivel nacional, cumpliendo con los entandares de calidad, seguridad y medio ambiente en los tiempos de entrega pactados con nuestros clientes, brindando soluciones log\u00edsticas integrales necesarias para sus operaciones que les permita enfocarse en sus negocios, soportados con un equipo humano competente y comprometido, exaltando la excelencia en el servicio, en el objetivo de generar beneficios a nuestros clientes, colaboradores y asociados.<\/p>\n\n\n\n<p><strong>Visi\u00f3n:<\/strong> LTL EXPRESS S.A.S. ,En su actividad econ\u00f3mica Transporte de carga por carretera.<\/p>\n\n\n\n<p>Tiene como <strong>visi\u00f3n<\/strong> para el a\u00f1o 2030 ser la empresa l\u00edder en el transporte de carga pesada a nivel nacional, y en constante crecimiento en el servicio log\u00edstico, consolidarnos en el mercado y expandirnos a nivel internacional como una empresa de calidad que brinda sus servicios con excelencia, eficiencia, seguridad y responsabilidad ambiental; cubriendo las exigencias y expectativas de nuestros clientes, teniendo costos competitivos en el mercado, mediante la mejora y la evoluci\u00f3n continua. Contribuir al desarrollo y progreso social, con un equipo humano altamente capacitado y motivado.<\/p>\n<\/div>\n\n\n\n<div class=\"wp-block-columns is-layout-flex wp-container-core-columns-is-layout-a4fa4f99 wp-block-columns-is-layout-flex\" style=\"margin-top:var(--wp--preset--spacing--medium);margin-bottom:var(--wp--preset--spacing--medium)\">\n<div class=\"wp-block-column is-vertically-aligned-center is-layout-flow wp-block-column-is-layout-flow\" style=\"flex-basis:45%\">\n<p class=\"has-highlight-color has-text-color has-link-color wp-elements-a9f9939ab2c3f88da2262234de26a2b3\">VALORES CORPORATIVOS<\/p>\n\n\n\n<ul class=\"wp-block-list has-medium-font-size wp-container-content-9ecdb5e9\">\n<li>Respeto.<\/li>\n\n\n\n<li>Calidad.<\/li>\n\n\n\n<li>Compromiso.<\/li>\n\n\n\n<li>Comportamiento \u00e9tico.<\/li>\n\n\n\n<li>Eficiencia<\/li>\n\n\n\n<li>Puntualidad<\/li>\n\n\n\n<li>Responsabilidad Social y ambiental<\/li>\n\n\n\n<li>Seguridad<\/li>\n\n\n\n<li>Solidaridad<\/li>\n<\/ul>\n<\/div>\n\n\n\n<div class=\"wp-block-column is-layout-flow wp-block-column-is-layout-flow\" style=\"flex-basis:55%\">\n<div class=\"wp-block-group has-border-color has-outline-border-color has-light-background-color has-background has-global-padding is-layout-constrained wp-container-core-group-is-layout-1a531f90 wp-block-group-is-layout-constrained\" style=\"border-width:2px;border-radius:10px;padding-top:var(--wp--preset--spacing--small);padding-right:var(--wp--preset--spacing--small);padding-bottom:var(--wp--preset--spacing--small);padding-left:var(--wp--preset--spacing--small)\">\n<div class=\"wp-block-group is-nowrap is-layout-flex wp-container-core-group-is-layout-6c531013 wp-block-group-is-layout-flex\">\n<h2 class=\"wp-block-heading wp-container-content-06f487a6\">10+<\/h2>\n\n\n\n<p class=\"has-x-small-font-size\">EQUIPO <br>HUMANO <br>A\u00d1OS DE EXPERIENCIA<\/p>\n<\/div>\n\n\n\n<p class=\"has-highlight-color has-text-color has-link-color wp-elements-8882781adcf172fff15edb785a579bce\">(Perm\u00edtanos ser su socio log\u00edstico y estrat\u00e9gico)<\/p>\n<\/div>\n<\/div>\n<\/div>\n\n\n\n<div class=\"wp-block-group is-layout-flex wp-container-core-group-is-layout-c8b6bfc8 wp-block-group-is-layout-flex\">\n<div class=\"wp-block-group wp-container-content-9cfa9a5a has-global-padding is-layout-constrained wp-container-core-group-is-layout-990378a1 wp-block-group-is-layout-constrained\">\n<div class=\"wp-block-media-text\" style=\"margin-right:0;margin-left:0;padding-right:0;padding-left:0;grid-template-columns:18% auto\"><figure class=\"wp-block-media-text__media\"><img decoding=\"async\" src=\"https:\/\/ltlsas.com\/wp-content\/themes\/blockskit-construction\/assets\/images\/about-img6.png\" alt=\"\" class=\"wp-image-162 size-full\"\/><\/figure><div class=\"wp-block-media-text__content\">\n<div class=\"wp-block-group has-global-padding is-layout-constrained wp-container-core-group-is-layout-c40a8074 wp-block-group-is-layout-constrained\">\n<p class=\"has-x-small-font-size\">Yopal, Duitama.<\/p>\n\n\n\n<h4 class=\"wp-block-heading\">+57 310 2180085<\/h4>\n<\/div>\n<\/div><\/div>\n<\/div>\n<\/div>\n<\/div>\n<\/div>\n<\/div>\n","protected":false},"excerpt":{"rendered":"<p>Cobertura Nacional Nos dedicamos a brindar soluciones log\u00edsticas integrales que le permitan enfocarse en su negocio. Nuestra misi\u00f3n es cumplir con los m\u00e1s altos est\u00e1ndares de calidad y seguridad en los tiempos de entrega pactados, generando beneficios para nuestros clientes, colaboradores y asociados. Pol\u00edticas Internas: Recopilamos varias pol\u00edticas que demuestran el profesionalismo de la empresa, [&hellip;]<\/p>\n","protected":false},"author":1,"featured_media":0,"parent":0,"menu_order":0,"comment_status":"closed","ping_status":"closed","template":"","meta":{"_joinchat":[],"footnotes":""},"class_list":["post-194","page","type-page","status-publish","hentry"],"_links":{"self":[{"href":"https:\/\/ltlsas.com\/index.php?rest_route=\/wp\/v2\/pages\/194","targetHints":{"allow":["GET"]}}],"collection":[{"href":"https:\/\/ltlsas.com\/index.php?rest_route=\/wp\/v2\/pages"}],"about":[{"href":"https:\/\/ltlsas.com\/index.php?rest_route=\/wp\/v2\/types\/page"}],"author":[{"embeddable":true,"href":"https:\/\/ltlsas.com\/index.php?rest_route=\/wp\/v2\/users\/1"}],"replies":[{"embeddable":true,"href":"https:\/\/ltlsas.com\/index.php?rest_route=%2Fwp%2Fv2%2Fcomments&post=194"}],"version-history":[{"count":5,"href":"https:\/\/ltlsas.com\/index.php?rest_route=\/wp\/v2\/pages\/194\/revisions"}],"predecessor-version":[{"id":399,"href":"https:\/\/ltlsas.com\/index.php?rest_route=\/wp\/v2\/pages\/194\/revisions\/399"}],"wp:attachment":[{"href":"https:\/\/ltlsas.com\/index.php?rest_route=%2Fwp%2Fv2%2Fmedia&parent=194"}],"curies":[{"name":"wp","href":"https:\/\/api.w.org\/{rel}","templated":true}]}}